est common divisor of r and p.
12
Let k = -15 - -27. Let n(p) = p**3 + 10*p**2 + 6*p - 9. Let c be n(-7). Calculate the greatest common divisor of k and c.
12
Let q = 17 - 5. Suppose -d + 0*d = -12. What is the highest common factor of q and d?
12
Suppose 0 = 5*z - 0*z + 2700. Let v be 1/(4/(z/(-3))). What is the greatest common factor of v and 18?
9
Let o = 66 - 12. What is the highest common divisor of o and 135?
27
Let v be 4 + (-4)/(-2) + -1. Suppose v*u - 3*g + 8 = 1, -4 = u + 2*g. Let b be 13 + 4 - (u + 1). Calculate the greatest common divisor of 36 and b.
18
Suppose 0 = -y - 3*c + 99, 0 = -4*y + y - 3*c + 267. Calculate the greatest common factor of y and 56.
28
Suppose -2*p + 7*p + r - 13 = 0, -1 = -p - r. Let g(w) = p*w - 6*w - 2 - 8*w. Let z be g(-2). What is the greatest common divisor of z and 50?
10
Let y be (-72)/(-45) + 4/10. Let h = 11 - y. Suppose -w = 2*w - 9. What is the highest common factor of w and h?
3
Suppose -l + 49 = 2*x, -5*l = x - 10*l + 3. Calculate the highest common divisor of 44 and x.
22
Let r be 0 - 60*(9/(-15) + -1). What is the greatest common factor of 12 and r?
12
Suppose 5*t = -d - 1, 2*d - t - 2*t = -2. Let h(z) = 5*z**2 + z + 1. Let a be h(d). Suppose 0 = a*s - s - 48. Calculate the highest common factor of 48 and s.
12
Let d be (-1 - (-1)/1)/1. Suppose 0*o - 3*l = -o + 23, d = 4*o + 4*l - 12. Calculate the highest common divisor of o and 4.
4
Let t = 22 - 0. Calculate the greatest common divisor of t and 242.
22
Suppose -x = -0*x - 22. Let k = -258 + 439. Let g = k + -126. Calculate the greatest common factor of g and x.
11
Suppose -26 = -4*z + 10. What is the highest common factor of z and 81?
9
Let l = 31 + 13. Let p be -4*1*55/(-20). Calculate the greatest common factor of p and l.
11
Suppose -14*m - 49 = -203. Let p = -27 + 49. What is the highest common factor of m and p?
11
Suppose -2*u = -3*u + 17. Suppose -48*n = -34*n - 476. What is the greatest common divisor of n and u?
17
Let b(a) = -a**2 - a - 1. Let m be b(-3). Let l = m + 11. Calculate the greatest common factor of l and 40.
4
Suppose -7 + 52 = -5*o. Let d be ((-3)/o)/((-1)/(-6)). Suppose 9 = -d*u + 25. Calculate the greatest common factor of u and 40.
8
Suppose 16 = 2*k + l, -9 = -0*k - k - l. Let u = -356 - -526. Suppose 3*z - 85 = -5*b + 122, 0 = 4*b - 2*z - u. Calculate the highest common divisor of b and k.
7
Suppose -7*q + 2*q + 11 = -2*m, 2*m + 5 = 3*q. Calculate the greatest common factor of q and 6.
3
Let p(d) = -5*d + 11. Let n be p(-4). Calculate the greatest common factor of n and 155.
31
Let i be (-762)/(-21) - (-4)/(-14). Calculate the greatest common factor of 4 and i.
4
Suppose -d + 2*s = d, 0 = 5*d - 4*s - 5. Calculate the greatest common divisor of 35 and d.
5
Suppose 3*k - 4*t - 28 = -8*t, t + 23 = 3*k. Suppose u = 4*l, 5*u - 9*l - 32 = -5*l. Calculate the greatest common factor of u and k.
8
Suppose 4*s = -5 - 7, 0 = 5*h - s - 13. Suppose -3*b - h*b = -60. Calculate the highest common divisor of b and 60.
12
Let z be (-10)/6*(13 + -28). What is the highest common factor of 275 and z?
25
Let m(i) = i**2 + 4*i. Suppose 7 = 4*n - 17. Let y be m(n). Suppose 26*q = 24*q + 24. What is the greatest common factor of q and y?
12
Let h = 138 + -74. Suppose -2*x + 0*n + 22 = -3*n, -3*x + 4*n + 32 = 0. What is the greatest common factor of x and h?
8
Let n be (-2)/(-7) + (-95)/(-35). Calculate the highest common divisor of n and 24.
3
Let i be (-124 - (4 - 1)) + -1. Let d = -83 - i. What is the highest common factor of 30 and d?
15
Suppose -2*c - 2*c + 24 = 0. Calculate the greatest common divisor of c and 6.
6
Suppose 2*h - l = 14, 5*h + 0*h + 3*l = 24. Let r = 10 - h. Suppose r*p = -p + 85. What is the highest common divisor of p and 68?
17
Suppose o + 1 = 0, 4*j + 2*o = j + 61. Calculate the greatest common factor of 231 and j.
21
Let x = -4 + 16. Suppose -52 = i - 0*i. Let p = i - -82. Calculate the greatest common divisor of p and x.
6
Let v(h) = h**2 - 5*h - 1. Let g be v(5). Let k = 1 - g. Suppose -3*a = -5*x - 5, -2*a - 2*a = k*x - 24. What is the highest common divisor of 35 and a?
5
Let b(t) = 3*t**2. Let l be b(-1). Suppose -5*u = -15, -4*h - 46 + 175 = l*u. Let y be (6/(-4))/((-1)/4). Calculate the highest common factor of h and y.
6
Let r = -379 - -391. Let m = -10 + 22. Calculate the highest common divisor of r and m.
12
Let d = -24 + -2. Let w = 50 + d. What is the greatest common divisor of 12 and w?
12
Let d(a) = -a**3 + 6*a**2 + 3. Let n be d(6). What is the greatest common factor of n and 1?
1
Let g be 21/2*2/3. Suppose 508*l - 175 = 503*l. Calculate the greatest common divisor of g and l.
7
Let o(r) = 0 + 2 - r + 3*r. Let u(t) = 2*t**2 + 4*t + 2. Let a be u(-2). Let v be o(a). Calculate the highest common factor of 48 and v.
6
Let g(r) = r**2 + 4*r + 9. Let a be g(-6). Let k(j) = j**3 - 5*j + 1. Let m be k(-4). Let q = -29 - m. Calculate the greatest common divisor of q and a.
7
Let s be (1/(-3))/((-4)/192). Let r be (15/(-5))/((-6)/16). What is the greatest common factor of r and s?
8
Let t(k) = -k + 10. Let z be (-1)/((-1)/(-9 - 2)). Let v be t(z). Calculate the highest common factor of 14 and v.
7
Let b(c) = -2*c**2 - 2*c + 7. Let s(n) = 2*n**2 + 2*n - 6. Let d(u) = 2*b(u) + 3*s(u). Let z be d(2). What is the greatest common divisor of z and 24?
8
Let m = 284 - 163. What is the greatest common divisor of 11 and m?
11
Let o(p) = p**3 - 6*p**2 + 10*p - 3. Let f be o(4). Calculate the highest common factor of f and 20.
5
Let u = 80 + -50. Let d = 9 + 6. What is the highest common factor of u and d?
15
Suppose 36 + 39 = 5*d. Let g(y) = -3*y - 2. Let k be g(8). Let a be k/(-5) - 5/25. Calculate the highest common divisor of a and d.
5
Let g(h) = -2*h**2 + 4*h + 1. Let i be g(2). Calculate the highest common factor of i and 4.
1
Let i be 317 - 0 - (-2 + 4). Let n = i - 789. Let u be n/(-24) + 2/8. Calculate the highest common divisor of u and 10.
10
Suppose 10*d - 10 = 5*d. Suppose 4*b - 96 = 2*g, d*b + 11 = -g + 59. Calculate the highest common divisor of b and 24.
24
Suppose -5 + 14 = 3*u. What is the highest common factor of u and 21?
3
Let h = -1 + 4. Let m be 0 - 23/1 - -2. Let d = 6 - m. Calculate the greatest common factor of h and d.
3
Let f(m) = m**3 + 18*m**2 + 8*m - 6. Let v be f(-17). Let q = v - 81. Calculate the highest common divisor of q and 6.
6
Let o be 3 + (-3)/((-9)/6). Suppose -4*q = -o*q + 13. Let x = q + -6. What is the highest common divisor of x and 7?
7
Let x = -22 + 107. Let u be 123 - (0 - -1 - -1). Let b = u - x. Calculate the highest common factor of 24 and b.
12
Suppose 5*w = -k + 3*w + 24, w = 0. What is the highest common divisor of 36 and k?
12
Let l(f) = f**2 + 4*f - 16. Let x be l(12). What is the greatest common divisor of x and 22?
22
Let l be 3 - ((-2)/1 - 2). What is the highest common factor of 14 and l?
7
Let k = 56 - -54. Let f be (-276)/(-27) - (50/(-18) + 3). Calculate the greatest common divisor of k and f.
10
Let l = 22 - 2. Calculate the highest common factor of 30 and l.
10
Let y be (-11)/(-2) - 5/(-10). Suppose -2*a + y*a = 24. Calculate the greatest common factor of a and 4.
2
Let d(z) = 2*z**3 - 2*z**2 - 4*z + 2. Let h be d(3). Let f be 9/3 + (4 - -1). Suppose 0 = -3*o + f*o - 65. Calculate the highest common factor of o and h.
13
Let s be 64/3*27/4. Let m = 9 + 7. Calculate the greatest common factor of s and m.
16
Let p = 91 - -8. Calculate the highest common divisor of p and 9.
9
Suppose -4*k + 19 = -5. Let p be (4/(-6))/((-2)/(-6)). Let o(u) = -5*u**3 - u. Let x be o(p). What is the highest common factor of x and k?
6
Let o(s) be the third derivative of -s**6/120 - 7*s**5/60 - s**4/24 + 4*s**3/3 + 3*s**2. Let v be o(-7). Calculate the highest common divisor of 15 and v.
15
Let c = 13 + 9. Suppose -6*o = 2*k - 5*o - 22, c = k - 5*o. Let z = -32 + 92. Calculate the highest common factor of k and z.
12
Suppose 3*m + 2*t - t = 14, 19 = 4*m + t. Suppose 0*a = -3*a + 15. Calculate the greatest common factor of m and a.
5
Let i(a) = 2*a**3 - a**2 + a + 1. Let u be i(3). Let c(f) = -f + 19. Let p be c(0). Suppose p = -t + u. What is the highest common factor of t and 10?
10
Let o(t) = t**2 + 13*t + 43. Let k be o(-3). What is the greatest common factor of 13 a